 Let w(r) = -c(r) + 4*g(r). Let t = -2 + 8. Give w(t).
-26
Suppose -2*d - 4*i + 2*i = -4, -d + 10 = -i. Let z(h) be the third derivative of h**5/60 - 5*h**4/24 - 4*h**3/3 + 5016*h**2 + 1. Give z(d).
-2
Let r(f) = -f - 411*f**2 + 10 + 296*f**2 + 114*f**2. Calculate r(4).
-10
Let g(b) = 9*b - 5. Let l(j) = j**2 + 9*j - 27. Let w be l(-12). Suppose 0 = -x + w*x - 64. Let c(f) = -3*f + 2. Let s(z) = x*c(z) + 3*g(z). Calculate s(-1).
-2
Let b(x) = x**3 - 4*x**2 - 7*x + 3. Let t(l) be the third derivative of l**5/10 + 5*l**4/24 + 2*l**3/3 - 2*l**2. Let p be t(-1). Give b(p).
-7
Let p(b) = 6*b - 82. Let r be p(14). Let q = 14 - 9. Let v(t) = -2 - 1 - 3*t + t**2 + q - t. Give v(r).
-2
Let u(g) be the first derivative of g**4/4 + 14*g**3/3 + 7*g**2 + 12*g + 90. Let f be (-195)/10*(-8)/(-12). Determine u(f).
-1
Suppose -18 = x + 332. Let u = 356 + x. Let b(g) = -4*g**2 - 3*g. Let a(c) = 5*c**2 + 3*c - 1. Let d(z) = -5*a(z) - 6*b(z). Give d(u).
-13
Let s = -3026 - -3025. Let d(y) be the third derivative of y**9/6048 + y**6/720 - y**5/20 - y**2. Let q(z) be the third derivative of d(z). What is q(s)?
-9
Let p(k) = 2*k**3 - k**2 - 2. Let w = 6604 + -6602. Determine p(w).
10
Let a(n) = -n**2 + 6. Suppose 4*q = -i + 16, 4*q + 101 - 117 = 0. What is a(i)?
6
Let l(n) be the second derivative of -n**6/720 - n**5/120 + 35*n**4/3 - 105*n. Let p(u) be the third derivative of l(u). Calculate p(11).
-12
Let n(s) = s**3 + 7*s**2 + 8*s + 5. Let z = 3581 + -3588. Give n(z).
-51
Let c(l) = l**2 + 19*l - 107. Let w be c(-24). Let a(n) = -8*n + 103. Determine a(w).
-1
Let f(a) = a**2 + a + 1. Let s(j) = 10*j**2 + 5*j + 6. Let m(l) = -6*f(l) + s(l). Let y(i) = 2*i**3 + 9*i**2 - 115*i - 551. Let n be y(-5). Calculate m(n).
5
Let b(t) = t**3 + 14*t**2 - 33*t - 22. Suppose 164*x = 3*x + 27*x - 2144. Give b(x).
-6
Let h(f) = -f**2 + 12*f + 39. Let y(l) = 2*l**2 - 21*l - 82. Let c(j) = 5*h(j) + 3*y(j). Give c(9).
3
Suppose -i + 25 = 3*m, 2*i - 10*m + 9*m - 64 = 0. Suppose 48 = -7*x + i*x. Let g(a) = -a**3 + 3*a**2 + a + 1. Calculate g(x).
7
Suppose 130*j = 122*j - 16. Let g(w) = -12*w + 9. Calculate g(j).
33
Let i(s) be the third derivative of 7*s**5/30 - s**4/12 + s**3/6 + 13*s**2. Suppose -3*j + 2 = z - 3, -4*z + 12 = 4*j. Suppose -3*o = j - 4. Calculate i(o).
13
Suppose 0 = -5*c + 78*f - 83*f + 10, -2*c = 4*f - 4. Let d(r) be the second derivative of -r**5/10 + r**4/6 + r**3/6 - r**2 - r. Determine d(c).
-8
Let k = -5 + 11. Let x = 3 + k. Let y(s) = 6 - 4 - 13*s**2 - 10*s + 9 + 14*s**2. Determine y(x).
2
Let f(g) = 6*g + 63. Let n be f(-13). Let j = n + 18. Let u(x) = -11*x**3 + 12*x**3 - j + 2*x + 6*x**2 - 2*x. Give u(-5).
22
Let o(c) = -8*c**2 + 20. Let m(t) = -13*t**2 - t + 38. Let q(d) = 3*m(d) - 5*o(d). Give q(7).
42
Let s be (-10)/4*(-48)/(-30). Let j be (-33)/22*s/6. Let f(t) = 2 + 14*t - 6*t + 2*t - j. Determine f(-1).
-9
Let v = 16 + -27. Suppose 0 = c + w - 3, -2*c + c = 3*w - 5. Let q(d) = -5*d**2 - 10*d - 1. Let j(z) = -z**2 - 2*z. Let t(o) = c*q(o) + v*j(o). Give t(-5).
13
Suppose 5*q + 44 = 54. Let l(u) = q*u - u**3 - 3*u + 106*u**2 + 3 - 56*u**2 - 51*u**2. What is l(0)?
3
Let d(s) be the second derivative of -s**3/6 + 7*s**2/2 - 20*s. Suppose -2*u - 26 = -2*p, 3*p - 2*u = -4*u + 24. Determine d(p).
-3
Let r(b) be the third derivative of b**4/3 - 73*b**3/6 - 175*b**2 + 11*b. Determine r(9).
-1
Let y(f) = 4*f + 6. Let d(z) = 2*z**2 + 5 + 115*z - 112*z + z**3 + 2*z**2. Let j be d(-3). Suppose -2 = j*l + 23. What is y(l)?
-14
Let y(b) = -5*b**3 - 2*b**2 + 7*b - 2*b + 258 - 8*b**3 - 262 - 19*b**3. Give y(1).
-33
Let g(p) = -1957*p**2 - 27 - 1954*p**2 + 5865*p**2 - 1955*p**2 - 10*p. Determine g(-6).
-3
Let z(n) = 1 + 4*n - 5*n**2 + n - n**3 + 0*n + 10*n**2. Let f(h) be the third derivative of -h**4/3 - h**3/3 - 5*h**2. Let m be f(-1). What is z(m)?
-5
Let y = -219 + 225. Let t(v) = 30*v + 38. Let a(g) = -14*g - 18. Let m(r) = y*t(r) + 13*a(r). Determine m(-5).
4
Let p(j) = j**2 - 6*j - 1. Let o = -24 + 30. Let q be p(o). Let d(f) = 20*f**3 + f**2 + f + 1. Determine d(q).
-19
Let o(t) = t**2 - 7*t + 10. Suppose -682*x + 240 = -642*x. Determine o(x).
4
Let l be (0 - 2) + 2 + 0. Suppose -8*j = -16*j + 16. Let b(n) = -4*n**3 + 682 - n + n**j + 3*n**3 - 687. Give b(l).
-5
Let a(l) = -6*l**2 - 11*l - 8. Let j(w) = w**2 - w - 4. Let m(d) = -a(d) - 4*j(d). Calculate m(-5).
-1
Suppose 5*b + 3*q - 12 = 0, -3*q - 1454 = 4*b - 1463. Let p(f) = -4*f - 12. Let h(d) = 2*d + 6. Let o(z) = -5*h(z) - 3*p(z). Calculate o(b).
12
Let m(t) = -2 + 8 + 26 + 60*t + 3*t**2 - 39*t - t**2. Determine m(-7).
-17
Let b(u) = 3*u**2 + 27*u - 12. Let g(h) = -2*h**2 - 20*h + 10. Let j(l) = -3*b(l) - 4*g(l). Calculate j(-2).
-6
Let j(g) = g**2 - 3*g - 34 + 0*g + 59 - 26. Let i(o) = -o**2 + 7*o + 1. Let x(b) = 2*i(b) + 4*j(b). Give x(-4).
22
Let t(w) be the second derivative of -7*w - 1/12*w**4 + 2 + 0*w**2 - 5/6*w**3. Determine t(-7).
-14
Let p be (-1 + (0 - 0))*2. Let a(o) = o - 1. Let d(k) = 6*k - 94. Let s(x) = 2*x - 35. Let w(h) = -3*d(h) + 8*s(h). Let m(t) = p*w(t) - 3*a(t). Determine m(-6).
-7
Let y(f) = 3*f**3 - 2*f**2 + 5*f - 2. Let s(l) = 4*l**3 - 4*l**2 + 5*l - 3. Let r(z) = 4*s(z) - 5*y(z). Calculate r(6).
-32
Let w(p) = -p**3 - 4*p**2 - 2*p. Suppose 5*r + 2*g + 8 = 124, -5*r + 3*g + 126 = 0. Let s be ((-8)/16)/(3*2/r). Calculate w(s).
-4
Let k(s) = 7*s + 14. Let h(v) = 19*v - 68. Let q be h(3). Calculate k(q).
-63
Let w(n) = -n**2 + 2*n + 7. Let v be 0 + (-5)/(5/(-3)) - 69. Let b = -58 - v. Suppose -b*q + 24 + 16 = 0. Give w(q).
-8
Let i(z) = 631*z + 9 + 632*z - 1264*z. Let j(w) = -w**2 - w - w - 2 - 3*w. Let y be j(-2). Calculate i(y).
5
Let q = -30 - -40. Suppose 4*w = 2 + q. Let s(r) = 41*r - 5*r**3 - 25*r - 5*r**2 + 6 + 6*r**w - 23*r. What is s(6)?
0
Let w(q) = q + 20. Let y(k) = 7. Let s(r) = -4*w(r) + 11*y(r). Let i be (-2)/10 + 130/25. Suppose -n - 5 = 7*x - i*x, 3*x + 3*n = 0. Determine s(x).
17
Suppose 11 = z - 2*l, -l - 2 = -4*z + 21. Let o(j) be the first derivative of 1/4*j**4 - 35 - 5/3*j**3 + 0*j - 1/2*j**2. Give o(z).
-5
Let k(n) = -5*n**2 + 8 + 7*n**2 - 2*n**2 - 7*n**2 - 12*n. Let u(j) = 4*j**2 - 2*j**2 + 0*j**2 + 6*j + 2*j**2 - 4. Let r(m) = 3*k(m) + 5*u(m). What is r(-3)?
13
Let p(y) = 18*y + 200. Let o(u) = 6*u + 67. Let r(a) = 7*o(a) - 2*p(a). Calculate r(-12).
-3
Let b(d) = -d**3 + 5*d**2 - 3*d + 2. Let f = -472 + 474. Determine b(f).
8
Let r(t) be the first derivative of -4*t**3/3 - 21*t**2/2 - 8*t + 414. What is r(-6)?
-26
Let c(x) = 16 + 6*x + 89*x - 96*x. What is c(-4)?
20
Suppose -d - 37 = 3*h, -2*d + 2*h + 3 = -d. Let g(a) = -6*a - 53. What is g(d)?
25
Let s(x) = 11*x**3 - x**2 + x. Let d be -3 + -2 + (-4)/(-1). Let q be d/2*(-516)/(-6). Let k = q + 44. Give s(k).
11
Let b(k) be the first derivative of k**6/120 - k**5/12 - k**4/4 + k**3 + k**2 + 54*k - 5. Let v(f) be the second derivative of b(f). What is v(6)?
6
Let a(r) = -11*r - 3. Let j(i) = -62*i - 152. Let l(f) = -3*a(f) + j(f). Give l(-5).
2
Suppose c - 5 = -r, 4*c + r + 4 = 6*c. Let g(o) = 5*o**2 - 3*o - 4*o + o**c + 9 - 4 + o**2. Suppose 0 = 3*j - 5*m - 4, 6*m - 4*m + 45 = -5*j. Give g(j).
5
Let o(h) = 13*h**2 - 12*h - 44. Let j(w) = -45*w**2 + 36*w + 137. Let r(l) = -2*j(l) - 7*o(l). Determine r(13).
21
Let q(i) = -i**3 + i**2 + 12*i - 18. Let k be q(3). Let z(l) = -l**2 - l + 13. What is z(k)?
13
Suppose -3*s = s - 68. Suppose 16*b - 76 = 4*z + 13*b, 0 = z - b + 20. Let d = s + z. Let t(p) = -2*p**3 + p - 1. Calculate t(d).
-2
Let x(p) = p**3 + 10*p**2 + 12*p + 1. Let d be x(-2). Let h(i) = -122*i + 15*i**2 - 2 - i**3 - 5*i**2 + 113*i. Determine h(d).
-2
Let y(f) = -5*f - 5*f + 6*f + 1 + 5. Let x(g) = -g**3 - 142*g**2 + 290*g + 283. Let m be x(-144). Give y(m).
26
Let y(u) be the third derivative of u**5/30 - u**4/4 - 10*u**3/3 - 1711*u**2. Give y(7).
36
Let b(j) = -j - 10. Let a be 5/90*-6 - (-293)/(-3). Let m = -107 - a. What is b(m)?
-1
Let m(x) = x**3 + 2*x**2 + 7. Suppose -3*r = -2*s - 4 + 10, -3*s - 10 = 5*r. Determine m(s).
7
Suppose -29*p - 1218 = -7453. Let g = 221 - p. Let z(j) = 2*j - 1. What is z(g)?
11
Let j(o) = 2*o + 1. Suppose 3*u + 14 = 29. Suppose 6 = u*y + y. Let n be 1*(y - (4 - 6)). Determine j(n).
7
Let w(r) = -5*r + 4*r + 81057 - 81079. Calculate w(-23).
1
Let o = -106 - -10